ermine w(0).
915
Let m(q) = -586390*q - 3518314. What is m(-6)?
26
Let j(v) = 88*v**2 - 940*v + 615. Give j(10).
15
Let d(c) = 185*c - 8226. Calculate d(48).
654
Let t(y) = 2*y**3 + 11*y**2 - 49*y + 209. Determine t(-13).
-1689
Let v(s) = 3723*s + 2181685. Determine v(-586).
7
Let k(a) = 26*a - 5494. Give k(211).
-8
Let l(s) = -s**3 + 12*s**2 + 9. Calculate l(6).
225
Let q(x) = 4*x**2 + 763*x + 2221. Give q(-3).
-32
Let s(x) = 1299*x - 67125. Determine s(52).
423
Let j(v) = -14034*v - 56135. What is j(-4)?
1
Let u(a) = -4*a**3 + 274*a**2 + 1623*a + 406. What is u(74)?
36
Let y(h) = -10231*h + 3898007. Calculate y(381).
-4
Let n(f) = 2101*f + 8770. Calculate n(-5).
-1735
Let q(l) = -l**3 - 177*l**2 - 1883*l - 616. Calculate q(-11).
11
Let f(x) = -x**2 - 454*x + 1110534. Calculate f(851).
-21
Let j(s) = 6*s**2 + 9081*s - 137566. Calculate j(15).
-1
Let o(q) = 17275*q - 17281. Calculate o(1).
-6
Let k(g) = -17*g**3 - 291*g**2 - 39*g - 78. Calculate k(-17).
7
Let p(q) = 8*q**3 + 225*q**2 - 2249*q + 79. Calculate p(-36).
-605
Let m(f) = -61*f + 3022. Give m(57).
-455
Let w(s) = -3410*s + 630809. Determine w(185).
-41
Let v(b) = -b**3 + 9*b**2 - 188*b + 1549. Determine v(8).
109
Let d(p) = -67672*p - 947403. Give d(-14).
5
Let k(f) = -76*f**2 + 39*f - 105. What is k(4)?
-1165
Let n(m) = 56*m**2 - 2654*m - 20017. Determine n(54).
-37
Let x(j) = j**3 - 164*j**2 - 189*j + 30965. Determine x(164).
-31
Let z(f) = 13*f**2 + 941*f - 1654. What is z(-74)?
-100
Let k(q) = q**3 - 35*q**2 + 188*q + 312. What is k(16)?
-1544
Let j(s) = s**2 + 30*s - 705. Determine j(-46).
31
Let p(k) = -51*k**2 + 1186*k - 6500. Calculate p(9).
43
Let v(a) = a**2 + 1321*a + 430850. Calculate v(-734).
-8
Let d(m) = 49*m**2 - 138*m + 538. What is d(0)?
538
Let z(t) = -t**3 + 368*t**2 + 2718*t + 4828. What is z(-3)?
13
Let p(l) = -16*l**2 + 284*l + 1404. Calculate p(-4).
12
Let m(z) = -8*z**3 + 142*z**2 + 1996*z + 61. What is m(27)?
7
Let g(b) = 6664*b + 7430365. What is g(-1115)?
5
Let h(o) = 8586*o + 68656. What is h(-8)?
-32
Let p(b) = 1505*b**2 - 1560*b + 26. Calculate p(1).
-29
Let p(s) = 14356*s - 17399471. Calculate p(1212).
1
Let x(v) = 745*v + 5246. Calculate x(-6).
776
Let k(p) = -3003*p + 87269. Calculate k(29).
182
Let r(q) = q**3 + 286*q**2 + 389*q + 30429. Determine r(-285).
789
Let k(r) = -11893*r + 11796. Give k(1).
-97
Let x(p) = -p**2 - 107*p - 1774. Calculate x(-77).
536
Let n(v) = 6853*v - 5304225. Give n(774).
-3
Let s(c) = 38*c**3 - 7*c**2 + 111*c + 6. Determine s(-3).
-1416
Let v(p) = -23*p**2 + 349*p - 3481. Calculate v(12).
-2605
Let x(g) = -2*g**3 - 189*g**2 - 268*g + 1101. Determine x(-93).
78
Let a(k) = -12*k**2 - 555*k - 3300. Give a(-7).
-3
Let j(g) = -6*g**2 + 141*g - 56. What is j(0)?
-56
Let z(m) = -27681*m - 775170. Determine z(-28).
-102
Let j(z) = -6*z**2 - 1270*z + 18939. Determine j(14).
-17
Let f(n) = -673*n**2 + 45*n + 6. Give f(1).
-622
Let j(l) = l**2 + 18680*l + 671185. Give j(-36).
1
Let w(k) = -462540*k - 2775235. What is w(-6)?
5
Let w(p) = -1786*p - 5247. Calculate w(-3).
111
Let r(y) = y**3 + 1288*y**2 - 121099*y - 15119. What is r(-1376)?
17
Let d(q) = -9431*q - 1093994. Give d(-116).
2
Let q(d) = 2*d**2 + 131*d + 74. What is q(-61)?
-475
Let g(v) = -v**3 + 33*v**2 - 192*v + 323. Determine g(4).
19
Let f(p) = -12463*p + 12507. Determine f(1).
44
Let k(f) = -81579*f - 489307. Determine k(-6).
167
Let u(k) = -5*k**2 - 3464*k - 17189. Calculate u(-5).
6
Let x(n) = -n**3 + 54*n**2 + 33*n - 36. Determine x(0).
-36
Let y(c) = 5*c**3 + 689*c**2 - 471*c - 46032. Calculate y(-138).
-78
Let a(x) = -11960*x - 71759. What is a(-6)?
1
Let x(p) = -20*p**3 - 177*p**2 + 27*p + 23. Calculate x(-9).
23
Let n(d) = 7*d**2 + 9501*d + 362487. What is n(-1318)?
37
Let k(y) = -y**3 + 22*y**2 - 8*y - 37. Calculate k(20).
603
Let a(b) = -25275*b + 3563909. Determine a(141).
134
Let n(z) = 60*z**2 - 5779*z + 8159. Determine n(95).
654
Let r(u) = -31492*u + 3054727. Determine r(97).
3
Let c(x) = x**3 + 398*x**2 + 982*x - 614. Give c(-3).
-5
Let o(t) = 12*t**3 + 324*t**2 + 1339*t + 90. Calculate o(-5).
-5
Let s(i) = -i**2 + 1655*i - 155515. What is s(100)?
-15
Let j(n) = n**3 + 456*n**2 + 12813*n + 14089. Give j(-426).
31
Let n(w) = 347*w + 7048. Give n(-17).
1149
Let d(l) = 9*l**2 - 962*l + 5597. Give d(101).
244
Let d(l) = 2*l**2 - 250*l - 1954378. Calculate d(-928).
-10
Let w(a) = -154*a**3 + 5*a**2 + 59*a - 63. Determine w(1).
-153
Let i(n) = 8*n + 706. Determine i(-20).
546
Let o(g) = -g**3 + g**2 - 1044*g + 3152. Calculate o(3).
2
Let v(m) = -2*m**3 - 44*m**2 - 116*m - 2333. Calculate v(-22).
219
Let u(z) = -z**3 + 187*z**2 + 3264*z - 3273. Give u(203).
-25
Let c(p) = -927*p + 27786. Determine c(30).
-24
Let b(r) = -3499*r + 1599047. Give b(457).
4
Let j(a) = -a**3 + 89*a**2 + 777*a - 328. Determine j(97).
-231
Let x(a) = -a**3 - 14*a**2 + 27*a + 467. Give x(-11).
-193
Let j(b) = -2*b**3 + 16*b**2 + 100*b + 63. Calculate j(-7).
833
Let w(y) = 2925454*y - 23403634. Give w(8).
-2
Let z(g) = 997991*g - 6985942. What is z(7)?
-5
Let s(p) = 2*p**3 + 3*p**2 - 614*p - 175. Give s(16).
-1039
Let r(o) = -11*o**2 - 275*o - 1671. Determine r(-6).
-417
Let h(x) = 16*x**3 - 58*x**2 + 28*x - 208. Determine h(4).
0
Let q(n) = 234*n + 3010. What is q(-14)?
-266
Let n(w) = -45436*w + 1135857. Determine n(25).
-43
Let f(w) = 53*w**2 + 52*w + 2. Calculate f(-1).
3
Let r(b) = -240*b + 2444. Calculate r(10).
44
Let g(i) = i**3 + 15*i**2 - 174*i - 12. What is g(-11)?
2386
Let r(d) = -d**3 + 524*d**2 + 3183*d - 48. Calculate r(-6).
-66
Let y(v) = 21*v**2 + 221*v + 10. Calculate y(-14).
1032
Let d(j) = 977*j**2 + 140*j + 141. What is d(-1)?
978
Let s(r) = r**3 + 15*r**2 + 26*r + 1082. What is s(-17)?
62
Let o(u) = u**3 - 830*u**2 + 105143*u + 189. Calculate o(156).
33
Let i(r) = -12740*r + 407720. Give i(32).
40
Let s(d) = -d**3 - 53*d**2 + 1283*d + 3. Determine s(-71).
-352
Let a(c) = 7*c**2 + 7791*c - 46749. Determine a(6).
249
Let l(i) = -79402*i + 159594. What is l(2)?
790
Let k(m) = 6*m**2 - 298*m + 3698. Calculate k(25).
-2
Let g(p) = -16*p**2 - 1859*p - 179. Give g(-116).
169
Let y(p) = -691*p + 15113. Determine y(22).
-89
Let x(z) = z**3 - 51*z**2 + 35*z + 643. Calculate x(50).
-107
Let p(n) = 32272*n + 3711278. Determine p(-115).
-2
Let z(p) = p**3 + 9*p**2 - 1883*p - 18730. What is z(-10)?
0
Let v(i) = -i**2 + 1850*i + 87154. Calculate v(-46).
-62
Let x(c) = 1340*c + 245348. What is x(-184)?
-1212
Let c(x) = -2*x**3 - 303*x**2 + 217*x + 9898. Determine c(-152).
18
Let z(d) = -3286269*d - 19717634. Calculate z(-6).
-20
Let m(k) = -k**3 - 18*k**2 - 140*k - 1522. What is m(-15)?
-97
Let w(c) = c**3 + 10*c**2 - 36*c - 94. Give w(-15).
-679
Let w(h) = 21*h**2 - 9325*h + 9726. Calculate w(443).
-20
Let l(b) = 7*b**3 - 308*b**2 + 15*b + 726. Calculate l(44).
1386
Let x(t) = -t**3 + 150*t**2 - 1002*t + 160. Give x(143).
17
Let h(o) = 273383*o - 1640259. Give h(6).
39
Let x(u) = 7*u**2 + 32980*u - 329827. Calculate x(10).
673
Let t(v) = -5*v**3 + 96*v**2 + 82*v - 901. What is t(21)?
-3148
Let v(c) = 2*c**3 + 12*c**2 + 4*c - 55. Calculate v(-5).
-25
Let u(m) = 71*m**2 - 70*m + 356. Calculate u(4).
1212
Let h(p) = -15*p**2 + 400*p + 2733. Calculate h(-7).
-802
Let b(p) = p**3 - 12*p**2 + 1377*p - 15031. Calculate b(11).
-5
Let a(p) = 2*p**3 + 11*p**2 - 959*p - 4824. Give a(-5).
-4
Let z(u) = -10230*u + 92077. Calculate z(9).
7
Let l(c) = -444*c**2 + 4440*c + 4. Determine l(10).
4
Let p(i) = -i**2 - 8758*i - 6085719. What is p(-761)?
-2
Let s(r) = -10169*r - 81579. Determine s(-8).
-227
Let x(q) = 4*q**2 + 25770*q + 103020. Give x(-4).
4
Let o(n) = 9151*n + 4575508. What is o(-500)?
8
Let m(a) = 19592*a + 215507. Calculate m(-11).
-5
Let w(b) = 5*b**2 - 10*b - 8792. Determine w(-41).
23
Let n(q) = 111720*q + 1117256. Give n(-10).
56
Let k(w) = -w**3 + 21*w**2 + 75*w - 1934. Calculate k(20).
-34
Let z(t) = -384657*t + 1538626. What is z(4)?
-2
Let s(a) = -226*a + 14321. What is s(69)?
-1273
Let l(u) = -30*u**2 - 106*u + 1101. Calculate l(-18).
-6711
Let u(i) = 2*i**2 - 355579*i - 12. Calculate u(0).
-12
Let d(u) = 2*u**2 - 168*u + 2274. Calculate d(67).
-4
Let r(f) = 628*f + 647. What is r(-2)?
-609
Let r(x) = -x**2 - 192*x + 356809. Give r(-701).
0
Let j(a) = -783*a + 9416. De